f 297682657.
173, 1720709
What are the prime factors of 35275193?
967, 36479
What are the prime factors of 340403875?
5, 7, 563, 691
List the prime factors of 3185082003.
3, 383, 2772047
What are the prime factors of 62074040?
2, 5, 7, 83, 2671
List the prime factors of 84785498.
2, 7, 23, 179, 1471
What are the prime factors of 190227317?
7, 2887, 9413
List the prime factors of 8552096200.
2, 5, 42760481
List the prime factors of 81496018.
2, 40748009
List the prime factors of 48297854.
2, 11, 307, 7151
What are the prime factors of 3666017314?
2, 53, 34585069
What are the prime factors of 3864406278?
2, 3, 53, 12152221
List the prime factors of 21246132.
2, 3, 1770511
What are the prime factors of 843038661?
3, 157, 1789891
What are the prime factors of 892297457?
1979, 450883
List the prime factors of 116712911.
7, 37, 73, 6173
What are the prime factors of 5962654491?
3, 281, 7073137
What are the prime factors of 534618354?
2, 3, 2713, 32843
List the prime factors of 379423610.
2, 5, 37942361
What are the prime factors of 102112094?
2, 7, 97, 75193
What are the prime factors of 185022294?
2, 3, 4021, 7669
List the prime factors of 2480741156.
2, 19, 32641331
What are the prime factors of 13372502?
2, 11, 13, 46757
List the prime factors of 1044112598.
2, 522056299
List the prime factors of 463433118.
2, 3, 23, 79, 42509
What are the prime factors of 79309872?
2, 3, 550763
What are the prime factors of 1525201048?
2, 7, 3890819
What are the prime factors of 2699238924?
2, 3, 107, 163, 1433
What are the prime factors of 647560622?
2, 19, 1553, 10973
What are the prime factors of 694012805?
5, 138802561
What are the prime factors of 1952689901?
59, 33096439
List the prime factors of 495448805.
5, 2711, 36551
List the prime factors of 763567897.
763567897
What are the prime factors of 638285461?
11, 58025951
List the prime factors of 1279906250.
2, 5, 7, 5851
What are the prime factors of 40083055?
5, 8016611
What are the prime factors of 1363236282?
2, 3, 19, 107, 37253
List the prime factors of 2901336173.
23, 126145051
List the prime factors of 630257924.
2, 157564481
List the prime factors of 1070646656.
2, 19, 193, 2281
What are the prime factors of 390625029?
3, 43, 61, 16547
What are the prime factors of 4106033769?
3, 61, 79, 191, 1487
List the prime factors of 13588659.
3, 7, 215693
List the prime factors of 451229091.
3, 137, 197, 5573
What are the prime factors of 126732009?
3, 42244003
What are the prime factors of 1175646760?
2, 5, 29391169
What are the prime factors of 140912432?
2, 503, 17509
What are the prime factors of 6397735471?
6397735471
List the prime factors of 2350678064.
2, 7, 751, 27947
List the prime factors of 7307998664.
2, 913499833
What are the prime factors of 220806740?
2, 5, 7, 11, 20483
What are the prime factors of 91754659?
23, 3989333
What are the prime factors of 39565016?
2, 239, 20693
List the prime factors of 47114774.
2, 7, 47, 53, 193
What are the prime factors of 6892105?
5, 11, 125311
List the prime factors of 271763793.
3, 7, 239, 18049
List the prime factors of 387091616.
2, 89, 199, 683
What are the prime factors of 1951924901?
3617, 539653
List the prime factors of 138863594.
2, 69431797
List the prime factors of 94555537.
5147, 18371
List the prime factors of 53623732.
2, 2699, 4967
List the prime factors of 91861618.
2, 19, 29, 31, 2689
What are the prime factors of 59794652?
2, 419, 35677
What are the prime factors of 176632519?
7, 43, 586819
List the prime factors of 5948391.
3, 1982797
What are the prime factors of 92900577?
3, 7, 11, 113, 3559
What are the prime factors of 43386033?
3, 109, 132679
What are the prime factors of 660152520?
2, 3, 5, 29, 37, 1709
List the prime factors of 18606227.
37, 157, 3203
List the prime factors of 153818719.
1117, 137707
List the prime factors of 84950582.
2, 2081, 20411
What are the prime factors of 1276803728?
2, 79800233
List the prime factors of 313955996.
2, 1031, 76129
List the prime factors of 261876100.
2, 5, 2618761
List the prime factors of 35391200.
2, 5, 13, 41, 83
List the prime factors of 3634611.
3, 1211537
List the prime factors of 3862384821.
3, 3019, 142151
List the prime factors of 619297863.
3, 206432621
List the prime factors of 40471519.
11, 3679229
What are the prime factors of 10431880?
2, 5, 17, 23, 29
What are the prime factors of 25599497?
7, 11, 332461
List the prime factors of 3153520319.
47, 67096177
What are the prime factors of 3643029?
3, 13, 97, 107
List the prime factors of 46064061.
3, 1609, 3181
What are the prime factors of 1026353608?
2, 7, 2618249
List the prime factors of 166052828.
2, 691, 60077
List the prime factors of 441485861.
109, 4050329
List the prime factors of 125828938.
2, 31, 2029499
List the prime factors of 25073197.
23, 29, 37591
List the prime factors of 2628815854.
2, 7, 977, 192193
List the prime factors of 301514620.
2, 5, 11, 1370521
List the prime factors of 170774890.
2, 5, 11, 13, 307, 389
List the prime factors of 30906468.
2, 3, 286171
What are the prime factors of 117089569?
139, 842371
List the prime factors of 138559854.
2, 3, 29, 47, 16943
List the prime factors of 498979706.
2, 37, 6742969
List the prime factors of 2911904106.
2, 3, 83, 881, 6637
List the prime factors of 834914536.
2, 23, 4537579
List the prime factors of 3588834492.
2, 3, 563, 59023
List the prime factors of 49357061.
13, 3796697
List the prime factors of 182380507.
29, 6288983
What are the prime factors of 248257616?
2, 311, 49891
What are the prime factors of 31861439?
433, 73583
List the prime factors of 5003691317.
4111, 1217147
List the prime factors of 104710690.
2, 5, 7, 1495867
List the prime factors of 407760307.
23, 17728709
List the prime factors of 23397269.
7, 71, 179, 263
List the prime factors of 50643801.
3, 13, 31, 13963
List the prime factors of 210938710.
2, 5, 3313, 6367
What are the prime factors of 547173071?
547173071
List the prime factors of 21316283.
17, 199, 6301
What are the prime factors of 800325987?
3, 71, 3757399
List the prime factors of 1046547500.
2, 5, 383, 1093
What are the prime factors of 1677666667?
23, 67, 1088687
What are the prime factors of 61962823?
13, 4766371
List the prime factors of 42534494.
2, 21267247
What are the prime factors of 3423588?
2, 3, 7, 53, 769
List the prime factors of 385101411.
3, 29, 1993, 2221
List the prime factors of 11613671.
37, 313883
What are the prime factors of 1427288276?
2, 23, 15514003
List the prime factors of 109826453.
11, 9984223
What are the prime factors of 1200598409?
47, 797, 32051
List the prime factors of 1500791355.
3, 5, 7, 32411
What are the prime factors of 362030140?
2, 5, 79, 229133
List the prime factors of 1105455720.
2, 3, 5, 19, 311, 1559
What are the prime factors of 702748768?
2, 2309, 9511
What are the prime factors of 3310353884?
2, 827588471
What are the prime factors of 906019795?
5, 23, 31, 79, 3217
What are the prime factors of 32467322?
2, 43, 377527
List the prime factors of 3164517828.
2, 3, 29301091
What are the prime factors of 208826715?
3, 5, 1619, 8599
List the prime factors of 650706566.
2, 19, 17123857
What are the prime factors of 67999297?
43, 1581379
List the prime factors of 163841696.
2, 23, 31, 43, 167
What are the prime factors of 3725737?
17, 47, 4663
List the prime factors of 646067734.
2, 13, 47, 67, 607
What are the prime factors of 3634910922?
2, 3, 1283, 472189
What are the prime factors of 42786378?
2, 3, 2377021
What are the prime factors of 1298156891?
1298156891
What are the prime factors of 87973151?
7, 661, 19013
What are the prime factors of 12352477?
31, 398467
List the prime factors of 32000369.
29, 1103461
What are the prime factors of 5883335?
5, 31, 37957
What are the prime factors of 2554983?
3, 31543
What are the prime factors of 32541331?
41, 793691
What are the prime factors of 632723412?
2, 3, 73, 722287
What are the prime factors of 681634036?
2, 170408509
What are the prime factors of 98711060?
2, 5, 7, 705079
List the prime factors of 359049785.
5, 43, 1669999
What are the prime factors of 2222980072?
2, 277872509
List the prime factors of 48314333.
59, 818887
List the prime factors of 181849038.
2, 3, 7, 19, 31, 7351
List the prime factors of 730489853.
37, 